eatest common factor of 517866 and 6.
6
What is the highest common factor of 3294 and 18483?
183
What is the greatest common factor of 47832 and 6?
6
Calculate the greatest common factor of 1017 and 14577.
339
Calculate the greatest common divisor of 26 and 52221.
13
What is the highest common factor of 2050 and 4800?
50
What is the greatest common divisor of 648702 and 1476?
738
Calculate the highest common factor of 61978 and 2926.
266
Calculate the highest common factor of 102 and 10578.
6
What is the greatest common factor of 1356759 and 6291?
2097
What is the highest common factor of 294 and 87171?
147
Calculate the greatest common factor of 10 and 30410.
10
Calculate the greatest common factor of 340 and 5355.
85
Calculate the highest common factor of 3059010 and 13530.
1230
Calculate the greatest common factor of 76 and 908.
4
What is the highest common divisor of 360 and 2556?
36
Calculate the highest common factor of 32 and 1952.
32
Calculate the greatest common divisor of 81 and 64746.
27
What is the greatest common factor of 1054 and 1802?
34
What is the greatest common divisor of 44385 and 4304?
269
What is the greatest common divisor of 193 and 1521419?
193
What is the greatest common divisor of 18850 and 1508?
754
What is the greatest common divisor of 5 and 105015?
5
Calculate the highest common divisor of 59 and 130213.
59
Calculate the highest common factor of 14589 and 76187.
1621
What is the greatest common factor of 5 and 105985?
5
Calculate the greatest common divisor of 27066 and 390.
78
Calculate the greatest common divisor of 255 and 61455.
255
Calculate the highest common factor of 467040 and 320.
160
Calculate the highest common factor of 24020 and 1480.
20
What is the highest common factor of 2754 and 698598?
918
Calculate the highest common factor of 3260 and 2251356.
652
What is the highest common factor of 62074 and 1394?
82
Calculate the greatest common factor of 78105 and 861.
123
What is the greatest common factor of 10342897 and 19?
19
What is the highest common factor of 9240 and 7224?
168
What is the greatest common divisor of 144 and 77896?
8
Calculate the highest common factor of 28179 and 4242.
303
What is the highest common divisor of 20 and 6744490?
10
What is the greatest common divisor of 672 and 4858336?
224
What is the highest common factor of 84 and 30093?
21
Calculate the highest common factor of 2928 and 732.
732
Calculate the highest common factor of 24010 and 230300.
490
Calculate the greatest common divisor of 78676 and 29172.
884
What is the highest common divisor of 4590 and 809880?
510
What is the highest common factor of 119530 and 110?
10
What is the highest common factor of 3429 and 7493?
127
Calculate the greatest common factor of 6 and 180402.
6
What is the highest common factor of 16 and 12868?
4
What is the highest common factor of 1440 and 996750?
90
What is the greatest common factor of 683063 and 404?
101
What is the highest common divisor of 5487 and 38232?
177
What is the greatest common factor of 306599 and 158?
79
What is the greatest common divisor of 63019 and 11?
11
Calculate the highest common factor of 66659 and 4537.
349
What is the greatest common divisor of 112136 and 5992?
856
What is the greatest common factor of 28384 and 800?
32
What is the greatest common divisor of 76 and 1007?
19
Calculate the highest common factor of 54568 and 608.
152
What is the greatest common factor of 529 and 5957?
23
Calculate the greatest common divisor of 1052 and 1490158.
526
What is the highest common divisor of 447272 and 652?
652
What is the highest common factor of 2611706 and 3508?
1754
What is the highest common factor of 164372 and 1276?
116
What is the greatest common divisor of 170 and 18560?
10
What is the greatest common divisor of 672962 and 306?
34
What is the greatest common divisor of 3297 and 289037?
1099
Calculate the greatest common divisor of 7956 and 42588.
468
What is the highest common factor of 2940 and 644?
28
What is the highest common divisor of 24 and 8888?
8
Calculate the greatest common divisor of 89930 and 136.
34
What is the highest common factor of 315 and 12180?
105
Calculate the highest common divisor of 476 and 23868.
68
What is the highest common divisor of 234 and 2286?
18
Calculate the highest common divisor of 16940 and 252.
28
Calculate the greatest common divisor of 93109 and 7.
1
What is the highest common divisor of 54635 and 1470?
245
What is the highest common divisor of 246095 and 593?
593
Calculate the greatest common factor of 1989 and 5457.
51
What is the greatest common factor of 390636 and 1404?
108
What is the greatest common divisor of 105719 and 233773?
1489
Calculate the greatest common factor of 986 and 174.
58
Calculate the highest common factor of 22390 and 590.
10
What is the greatest common divisor of 299849 and 22?
11
What is the highest common factor of 119020 and 3740?
220
Calculate the highest common factor of 12031 and 15209.
227
What is the greatest common factor of 1342 and 415349?
671
Calculate the highest common divisor of 236544 and 693.
231
Calculate the highest common divisor of 12 and 196998.
6
What is the greatest common factor of 260 and 53660?
20
What is the highest common factor of 2878041 and 183?
183
Calculate the highest common divisor of 589 and 2790.
31
Calculate the greatest common divisor of 58338 and 126.
126
What is the greatest common factor of 1715 and 2253853?
343
Calculate the greatest common divisor of 414 and 52398.
18
What is the greatest common divisor of 10624 and 992?
32
Calculate the highest common factor of 60454 and 334.
334
What is the highest common divisor of 17934 and 11907?
147
Calculate the greatest common divisor of 15 and 101985.
15
What is the highest common divisor of 948 and 230601?
237
What is the greatest common factor of 660 and 4560?
60
What is the greatest common divisor of 35 and 15561?
7
What is the greatest common divisor of 4411 and 44?
11
What is the greatest common divisor of 1206 and 6149394?
1206
What is the greatest common factor of 126882 and 1590?
318
Calculate the highest common factor of 30951 and 31313.
181
What is the highest common divisor of 10 and 141745?
5
Calculate the greatest common factor of 142952 and 134392.
856
Calculate the highest common divisor of 79320 and 120.
120
Calculate the greatest common divisor of 498083 and 1059.
353
Calculate the highest common divisor of 78 and 1190774.
26
What is the highest common divisor of 308 and 55132?
308
Calculate the highest common divisor of 10 and 1071654.
2
Calculate the greatest common divisor of 115 and 2810209.
23
Calculate the highest common factor of 62466 and 870.
174
What is the highest common divisor of 366930 and 162?
162
What is the greatest common divisor of 265 and 95?
5
What is the highest common factor of 3564277 and 107?
107
Calculate the greatest common divisor of 9 and 19797.
3
What is the highest common divisor of 693 and 22253?
77
What is the greatest common divisor of 270 and 42490?
10
Calculate the highest common factor of 12940 and 80.
20
Calculate the highest common factor of 66127 and 178.
89
What is the highest common divisor of 2319755 and 485?
485
Calculate the highest common factor of 4032 and 2284992.
576
Calculate the greatest common divisor of 284022 and 1395.
279
Calculate the greatest common factor of 36120 and 3948.
84
What is the greatest common divisor of 499359 and 882?
147
What is the greatest common factor of 45 and 132453?
9
What is the greatest common divisor of 28 and 22918?
14
Calculate the highest common divisor of 54582 and 264.
66
What is the highest common factor of 2970 and 652410?
990
Calculate the highest common factor of 27100 and 50.
50
Calculate the greatest common factor of 20783 and 245.
7
What is the greatest common divisor of 2784 and 13224?
696
What is the highest common factor of 5066 and 884762?
298
Calculate the highest common divisor of 11 and 426899.
11
Calculate the highest common divisor of 185447 and 212.
53
What is the highest common divisor of 124 and 5212?
4
Calculate the greatest common factor of 35 and 366295.
5
What is the greatest common factor of 413 and 7877149?
413
Calculate the highest common divisor of 1239868 and 28.
28
C